{"id":757,"date":"2025-02-12T13:16:18","date_gmt":"2025-02-12T12:16:18","guid":{"rendered":"https:\/\/www.tempiodicallaighe.it\/?page_id=757"},"modified":"2025-02-12T16:20:39","modified_gmt":"2025-02-12T15:20:39","slug":"tempio-di-callaighe","status":"publish","type":"page","link":"https:\/\/www.tempiodicallaighe.it\/","title":{"rendered":"TEMPIO DI CALLAIGHE"},"content":{"rendered":"<div id=\"pl-757\"  class=\"panel-layout\" ><div id=\"pg-757-0\"  class=\"panel-grid panel-has-style\" ><div class=\"panel-row-style panel-row-style-for-757-0\" ><div id=\"pgc-757-0-0\"  class=\"panel-grid-cell\" ><div id=\"panel-757-0-0-0\" class=\"so-panel widget widget_text panel-first-child panel-last-child\" data-index=\"0\" ><div class=\"so-rounded panel-widget-style panel-widget-style-for-757-0-0-0\" >\t\t\t<div class=\"textwidget\"><p><a href=\"https:\/\/www.tempiodicallaighe.it\/wp-content\/uploads\/2022\/02\/CairnTdettoSliabhnaCallaighe.jpg\"><img loading=\"lazy\" decoding=\"async\" class=\"alignleft wp-image-567\" title=\"Sliabh na Callaighe, la montagna della Strega. Tempio di Callaighe\" src=\"https:\/\/www.tempiodicallaighe.it\/wp-content\/uploads\/2022\/02\/CairnTdettoSliabhnaCallaighe-300x225.jpg\" alt=\"Sliabh na Callaighe, la montagna della Strega. Tempio di Callaighe\" width=\"211\" height=\"158\" srcset=\"https:\/\/www.tempiodicallaighe.it\/wp-content\/uploads\/2022\/02\/CairnTdettoSliabhnaCallaighe-300x225.jpg 300w, https:\/\/www.tempiodicallaighe.it\/wp-content\/uploads\/2022\/02\/CairnTdettoSliabhnaCallaighe.jpg 403w\" sizes=\"auto, (max-width: 211px) 85vw, 211px\" \/><\/a><\/p>\n<p>&nbsp;<\/p>\n<p><span>Il Tempio di Callaighe (pronuncia \u201cCaillia\u201d) \u00e8 una tradizione wiccan basata sulla filosofia della stregoneria progressiva. E\u2019 stata fondata dai primi iniziati italiani di Janet Farrar e Gavin Bone, dopo il primo gruppo di studio tenutosi in Italia, nel quale hanno condiviso il loro sistema sperimentato e sviluppato nel corso degli anni. Il nome della tradizione richiama la sua discendenza dal \u201cTeampall na Callaighe\u201d fondato e condotto da Janet e Gavin in Irlanda, che con questo nome volevano enfatizzare la connessione con il loro territorio e la vicinanza con\u00a0 <\/span><span>\u201cSliabh na Callaighe\u201d (Montagna della Strega). Questo luogo \u00e8 un sito megalitico di grande bellezza, in cui la luce dell\u2019equinozio illumina le antiche incisioni nella pietra, evocando il legame tra spiritualit\u00e0 e natura.<\/span><\/p>\n<\/div>\n\t\t<\/div><\/div><\/div><\/div><\/div><div id=\"pg-757-1\"  class=\"panel-grid panel-has-style\" ><div class=\"panel-row-style panel-row-style-for-757-1\" ><div id=\"pgc-757-1-0\"  class=\"panel-grid-cell\" ><div id=\"panel-757-1-0-0\" class=\"so-panel widget widget_text panel-first-child panel-last-child\" data-index=\"1\" ><div class=\"panel-widget-style panel-widget-style-for-757-1-0-0\" >\t\t\t<div class=\"textwidget\"><p><span style=\"font-weight: 400;\">La tradizione pone grande enfasi sulla connessione con la terra e sulle sue energie, adattando i rituali ai cicli lunari, solari e stagionali. Il rapporto con il divino e l\u2019unione con esso rappresentano punti centrali del percorso spirituale, riflettendosi nel ruolo di streghe, sacerdoti e sacerdotesse, al servizio del divino e della comunit\u00e0. Questa visione si riflette anche n<\/span><span style=\"font-weight: 400;\">ella pratica, in cui si approfondisce il lavoro con la trance profetica e si sviluppa un<\/span><span style=\"font-weight: 400;\">a connessione personale con le divinit\u00e0.<\/span><\/p>\n<\/div>\n\t\t<\/div><\/div><\/div><\/div><\/div><div id=\"pg-757-2\"  class=\"panel-grid panel-has-style\" ><div class=\"panel-row-style panel-row-style-for-757-2\" ><div id=\"pgc-757-2-0\"  class=\"panel-grid-cell\" ><div id=\"panel-757-2-0-0\" class=\"so-panel widget widget_text panel-first-child panel-last-child\" data-index=\"2\" ><div class=\"so-rounded panel-widget-style panel-widget-style-for-757-2-0-0\" >\t\t\t<div class=\"textwidget\"><p><span style=\"font-weight: 400;\">Un elemento chiave della pratica \u00e8 lo studio dell\u2019energia che permea tutte le cose, entrando in contatto con essa e si armonizza con le sue dinamiche. Il lavoro energetico \u00e8 considerato fondamentale per comprendere le proprie dinamiche interne ed esterne, nonch\u00e9 per la pratica magica.<\/span><\/p>\n<\/div>\n\t\t<\/div><\/div><\/div><\/div><\/div><div id=\"pg-757-3\"  class=\"panel-grid panel-has-style\" ><div class=\"panel-row-style panel-row-style-for-757-3\" ><div id=\"pgc-757-3-0\"  class=\"panel-grid-cell\" ><div id=\"panel-757-3-0-0\" class=\"so-panel widget widget_text panel-first-child panel-last-child\" data-index=\"3\" ><div class=\"panel-widget-style panel-widget-style-for-757-3-0-0\" >\t\t\t<div class=\"textwidget\"><p><span style=\"font-weight: 400;\">Il pathworking sulla cosmologia sviluppata da Janet e Gavin e adottata dalla tradizione ha un ruolo centrale nella formazione e nella pratica del Tempio di Callaighe. Questo lavoro permette sia l\u2019esplorazione diretta dei mondi spirituali, sia un\u2019analisi approfondita di tutti gli aspetti della personalit\u00e0 di ogni praticante, secondo la filosofia del \u201ccome sopra cos\u00ec sotto, come dentro cos\u00ec fuori\u201d.<\/span><\/p>\n<\/div>\n\t\t<\/div><\/div><\/div><\/div><\/div><div id=\"pg-757-4\"  class=\"panel-grid panel-has-style\" ><div class=\"panel-row-style panel-row-style-for-757-4\" ><div id=\"pgc-757-4-0\"  class=\"panel-grid-cell\" ><div id=\"panel-757-4-0-0\" class=\"so-panel widget widget_text panel-first-child panel-last-child\" data-index=\"4\" ><div class=\"so-rounded panel-widget-style panel-widget-style-for-757-4-0-0\" >\t\t\t<div class=\"textwidget\"><p><span style=\"font-weight: 400;\">La visione della polarit\u00e0 \u00e8 basata sulla complementarit\u00e0, riconoscendo che essa esiste in molteplici forme oltre alla relazione maschile\/femminile. Il modello iniziatico pu\u00f2 coinvolgere non solo un sacerdote e una sacerdotessa, ma si riconosce anche la validit\u00e0 di iniziazioni senza una controparte o tra persone dello stesso sesso.<\/span><\/p>\n<\/div>\n\t\t<\/div><\/div><\/div><\/div><\/div><div id=\"pg-757-5\"  class=\"panel-grid panel-has-style\" ><div class=\"panel-row-style panel-row-style-for-757-5\" ><div id=\"pgc-757-5-0\"  class=\"panel-grid-cell\" ><div id=\"panel-757-5-0-0\" class=\"so-panel widget widget_text panel-first-child panel-last-child\" data-index=\"5\" ><div class=\"panel-widget-style panel-widget-style-for-757-5-0-0\" >\t\t\t<div class=\"textwidget\"><p><span style=\"font-weight: 400;\">Il Tempio di Callaighe \u00e8 una tradizione in costante evoluzione, che trae forza dalla sua capacit\u00e0 di adattarsi e crescere nel tempo, rispettando le radici della spiritualit\u00e0 pagana e valorizzando il percorso individuale di ogni suo membro.\u00a0<\/span><\/p>\n<p><span style=\"font-weight: 400;\">Le congreghe al suo interno sono indipendenti e non esiste alcuna autorit\u00e0 centrale, n\u00e9 rappresentati della tradizione.<\/span><\/p>\n<\/div>\n\t\t<\/div><\/div><\/div><\/div><\/div><\/div>","protected":false},"excerpt":{"rendered":"<p>&nbsp; Il Tempio di Callaighe (pronuncia \u201cCaillia\u201d) \u00e8 una tradizione wiccan basata sulla filosofia della stregoneria progressiva. E\u2019 stata fondata dai primi iniziati italiani di Janet Farrar e Gavin Bone, dopo il primo gruppo di studio tenutosi in Italia, nel quale hanno condiviso il loro sistema sperimentato e sviluppato nel corso degli anni. Il nome &hellip; <a href=\"https:\/\/www.tempiodicallaighe.it\/\" class=\"more-link\">Continue reading<span class=\"screen-reader-text\"> &#8220;TEMPIO DI CALLAIGHE&#8221;<\/span><\/a><\/p>\n","protected":false},"author":1,"featured_media":0,"parent":0,"menu_order":0,"comment_status":"closed","ping_status":"closed","template":"","meta":{"footnotes":""},"class_list":["post-757","page","type-page","status-publish","hentry"],"yoast_head":"<!-- This site is optimized with the Yoast SEO plugin v26.7 - https:\/\/yoast.com\/wordpress\/plugins\/seo\/ -->\n<title>TEMPIO DI CALLAIGHE - Tempio di Callaighe<\/title>\n<meta name=\"description\" content=\"Il Tempio di Callaighe \u00e8 una tradizione wiccan basata sulla filosofia della stregoneria progressiva. Valorizza il percorso individuale.\" \/>\n<meta name=\"robots\" content=\"index, follow, max-snippet:-1, max-image-preview:large, max-video-preview:-1\" \/>\n<link rel=\"canonical\" href=\"https:\/\/www.tempiodicallaighe.it\/\" \/>\n<meta property=\"og:locale\" content=\"it_IT\" \/>\n<meta property=\"og:type\" content=\"article\" \/>\n<meta property=\"og:title\" content=\"TEMPIO DI CALLAIGHE - Tempio di Callaighe\" \/>\n<meta property=\"og:description\" content=\"Il Tempio di Callaighe \u00e8 una tradizione wiccan basata sulla filosofia della stregoneria progressiva. Valorizza il percorso individuale.\" \/>\n<meta property=\"og:url\" content=\"https:\/\/www.tempiodicallaighe.it\/\" \/>\n<meta property=\"og:site_name\" content=\"Tempio di Callaighe\" \/>\n<meta property=\"article:publisher\" content=\"https:\/\/facebook.com\/tempiodicallaighe\" \/>\n<meta property=\"article:modified_time\" content=\"2025-02-12T15:20:39+00:00\" \/>\n<meta property=\"og:image\" content=\"https:\/\/www.tempiodicallaighe.it\/wp-content\/uploads\/2022\/02\/CairnTdettoSliabhnaCallaighe-300x225.jpg\" \/>\n<meta name=\"twitter:card\" content=\"summary_large_image\" \/>\n<meta name=\"twitter:label1\" content=\"Tempo di lettura stimato\" \/>\n\t<meta name=\"twitter:data1\" content=\"3 minuti\" \/>\n<script type=\"application\/ld+json\" class=\"yoast-schema-graph\">{\"@context\":\"https:\/\/schema.org\",\"@graph\":[{\"@type\":\"WebPage\",\"@id\":\"https:\/\/www.tempiodicallaighe.it\/\",\"url\":\"https:\/\/www.tempiodicallaighe.it\/\",\"name\":\"TEMPIO DI CALLAIGHE - Tempio di Callaighe\",\"isPartOf\":{\"@id\":\"https:\/\/www.tempiodicallaighe.it\/#website\"},\"primaryImageOfPage\":{\"@id\":\"https:\/\/www.tempiodicallaighe.it\/#primaryimage\"},\"image\":{\"@id\":\"https:\/\/www.tempiodicallaighe.it\/#primaryimage\"},\"thumbnailUrl\":\"https:\/\/www.tempiodicallaighe.it\/wp-content\/uploads\/2022\/02\/CairnTdettoSliabhnaCallaighe-300x225.jpg\",\"datePublished\":\"2025-02-12T12:16:18+00:00\",\"dateModified\":\"2025-02-12T15:20:39+00:00\",\"description\":\"Il Tempio di Callaighe \u00e8 una tradizione wiccan basata sulla filosofia della stregoneria progressiva. Valorizza il percorso individuale.\",\"breadcrumb\":{\"@id\":\"https:\/\/www.tempiodicallaighe.it\/#breadcrumb\"},\"inLanguage\":\"it-IT\",\"potentialAction\":[{\"@type\":\"ReadAction\",\"target\":[\"https:\/\/www.tempiodicallaighe.it\/\"]}]},{\"@type\":\"ImageObject\",\"inLanguage\":\"it-IT\",\"@id\":\"https:\/\/www.tempiodicallaighe.it\/#primaryimage\",\"url\":\"https:\/\/www.tempiodicallaighe.it\/wp-content\/uploads\/2022\/02\/CairnTdettoSliabhnaCallaighe.jpg\",\"contentUrl\":\"https:\/\/www.tempiodicallaighe.it\/wp-content\/uploads\/2022\/02\/CairnTdettoSliabhnaCallaighe.jpg\",\"width\":403,\"height\":302},{\"@type\":\"BreadcrumbList\",\"@id\":\"https:\/\/www.tempiodicallaighe.it\/#breadcrumb\",\"itemListElement\":[{\"@type\":\"ListItem\",\"position\":1,\"name\":\"Home\",\"item\":\"https:\/\/www.tempiodicallaighe.it\/\"},{\"@type\":\"ListItem\",\"position\":2,\"name\":\"TEMPIO DI CALLAIGHE\"}]},{\"@type\":\"WebSite\",\"@id\":\"https:\/\/www.tempiodicallaighe.it\/#website\",\"url\":\"https:\/\/www.tempiodicallaighe.it\/\",\"name\":\"Tempio di Callaighe\",\"description\":\"Clan del Focolare Sacro\",\"potentialAction\":[{\"@type\":\"SearchAction\",\"target\":{\"@type\":\"EntryPoint\",\"urlTemplate\":\"https:\/\/www.tempiodicallaighe.it\/?s={search_term_string}\"},\"query-input\":{\"@type\":\"PropertyValueSpecification\",\"valueRequired\":true,\"valueName\":\"search_term_string\"}}],\"inLanguage\":\"it-IT\"}]}<\/script>\n<!-- \/ Yoast SEO plugin. -->","yoast_head_json":{"title":"TEMPIO DI CALLAIGHE - Tempio di Callaighe","description":"Il Tempio di Callaighe \u00e8 una tradizione wiccan basata sulla filosofia della stregoneria progressiva. Valorizza il percorso individuale.","robots":{"index":"index","follow":"follow","max-snippet":"max-snippet:-1","max-image-preview":"max-image-preview:large","max-video-preview":"max-video-preview:-1"},"canonical":"https:\/\/www.tempiodicallaighe.it\/","og_locale":"it_IT","og_type":"article","og_title":"TEMPIO DI CALLAIGHE - Tempio di Callaighe","og_description":"Il Tempio di Callaighe \u00e8 una tradizione wiccan basata sulla filosofia della stregoneria progressiva. Valorizza il percorso individuale.","og_url":"https:\/\/www.tempiodicallaighe.it\/","og_site_name":"Tempio di Callaighe","article_publisher":"https:\/\/facebook.com\/tempiodicallaighe","article_modified_time":"2025-02-12T15:20:39+00:00","og_image":[{"url":"https:\/\/www.tempiodicallaighe.it\/wp-content\/uploads\/2022\/02\/CairnTdettoSliabhnaCallaighe-300x225.jpg","type":"","width":"","height":""}],"twitter_card":"summary_large_image","twitter_misc":{"Tempo di lettura stimato":"3 minuti"},"schema":{"@context":"https:\/\/schema.org","@graph":[{"@type":"WebPage","@id":"https:\/\/www.tempiodicallaighe.it\/","url":"https:\/\/www.tempiodicallaighe.it\/","name":"TEMPIO DI CALLAIGHE - Tempio di Callaighe","isPartOf":{"@id":"https:\/\/www.tempiodicallaighe.it\/#website"},"primaryImageOfPage":{"@id":"https:\/\/www.tempiodicallaighe.it\/#primaryimage"},"image":{"@id":"https:\/\/www.tempiodicallaighe.it\/#primaryimage"},"thumbnailUrl":"https:\/\/www.tempiodicallaighe.it\/wp-content\/uploads\/2022\/02\/CairnTdettoSliabhnaCallaighe-300x225.jpg","datePublished":"2025-02-12T12:16:18+00:00","dateModified":"2025-02-12T15:20:39+00:00","description":"Il Tempio di Callaighe \u00e8 una tradizione wiccan basata sulla filosofia della stregoneria progressiva. Valorizza il percorso individuale.","breadcrumb":{"@id":"https:\/\/www.tempiodicallaighe.it\/#breadcrumb"},"inLanguage":"it-IT","potentialAction":[{"@type":"ReadAction","target":["https:\/\/www.tempiodicallaighe.it\/"]}]},{"@type":"ImageObject","inLanguage":"it-IT","@id":"https:\/\/www.tempiodicallaighe.it\/#primaryimage","url":"https:\/\/www.tempiodicallaighe.it\/wp-content\/uploads\/2022\/02\/CairnTdettoSliabhnaCallaighe.jpg","contentUrl":"https:\/\/www.tempiodicallaighe.it\/wp-content\/uploads\/2022\/02\/CairnTdettoSliabhnaCallaighe.jpg","width":403,"height":302},{"@type":"BreadcrumbList","@id":"https:\/\/www.tempiodicallaighe.it\/#breadcrumb","itemListElement":[{"@type":"ListItem","position":1,"name":"Home","item":"https:\/\/www.tempiodicallaighe.it\/"},{"@type":"ListItem","position":2,"name":"TEMPIO DI CALLAIGHE"}]},{"@type":"WebSite","@id":"https:\/\/www.tempiodicallaighe.it\/#website","url":"https:\/\/www.tempiodicallaighe.it\/","name":"Tempio di Callaighe","description":"Clan del Focolare Sacro","potentialAction":[{"@type":"SearchAction","target":{"@type":"EntryPoint","urlTemplate":"https:\/\/www.tempiodicallaighe.it\/?s={search_term_string}"},"query-input":{"@type":"PropertyValueSpecification","valueRequired":true,"valueName":"search_term_string"}}],"inLanguage":"it-IT"}]}},"_links":{"self":[{"href":"https:\/\/www.tempiodicallaighe.it\/index.php?rest_route=\/wp\/v2\/pages\/757","targetHints":{"allow":["GET"]}}],"collection":[{"href":"https:\/\/www.tempiodicallaighe.it\/index.php?rest_route=\/wp\/v2\/pages"}],"about":[{"href":"https:\/\/www.tempiodicallaighe.it\/index.php?rest_route=\/wp\/v2\/types\/page"}],"author":[{"embeddable":true,"href":"https:\/\/www.tempiodicallaighe.it\/index.php?rest_route=\/wp\/v2\/users\/1"}],"replies":[{"embeddable":true,"href":"https:\/\/www.tempiodicallaighe.it\/index.php?rest_route=%2Fwp%2Fv2%2Fcomments&post=757"}],"version-history":[{"count":0,"href":"https:\/\/www.tempiodicallaighe.it\/index.php?rest_route=\/wp\/v2\/pages\/757\/revisions"}],"wp:attachment":[{"href":"https:\/\/www.tempiodicallaighe.it\/index.php?rest_route=%2Fwp%2Fv2%2Fmedia&parent=757"}],"curies":[{"name":"wp","href":"https:\/\/api.w.org\/{rel}","templated":true}]}}